factor of d?
True
Suppose 11*z - 3623 = -466. Is 8 a factor of z?
False
Let i(k) be the second derivative of 3*k**3 - 15*k**2/2 - 3*k. Is i(8) a multiple of 21?
False
Let w(z) = -2*z**3 - 3*z**2. Suppose -3*v + 14 = -5*h - 2*v, -5*h = 3*v - 2. Let x be w(h). Is 15 a factor of (-5)/20 + 73/x?
False
Let g be 5*(48/(-20) - -3). Suppose -39 = -a - 5*u - 8, g*u = a - 15. Is 21 a factor of (-2)/(-14) + 879/a?
True
Let a be 2 - 0*(-1)/4. Is (78/(-65))/(a/(-75)) a multiple of 15?
True
Suppose -2*g = 9 - 1. Let d be (42/(-5))/(g/30). Suppose -5*s + 2*s + d = 0. Is 7 a factor of s?
True
Let u(c) = 5*c - 2. Let h be u(8). Let j = h + -10. Suppose f = -0 + j. Is 9 a factor of f?
False
Let a = 45 - 33. Suppose 1484 = 2*n + a*n. Does 43 divide n?
False
Let b be -4 + -1 + 3/(-3). Let g be (b - 0)*204/(-18). Suppose -4*u + g = -28. Does 12 divide u?
True
Does 20 divide (-440)/(-7)*560/32?
True
Suppose -4*s + 5*z + 322 + 102 = 0, -2*z = 2*s - 212. Suppose s = 7*w - 62. Does 12 divide w?
True
Let l(t) = t + 15. Let w be l(0). Suppose 165 = 3*z + w. Is 17 a factor of z?
False
Let v(z) = -60*z. Let c be (3 - 2) + 6/(-2). Let u be v(c). Suppose -4*w - u = -2*k - 0*w, -2*w = 3*k - 156. Does 13 divide k?
False
Suppose -77 = -0*u - u. Is 11 a factor of u?
True
Let x = -24 + 22. Let z(m) = -38*m + 1. Let d be z(x). Suppose 2*l = d - 17. Is l a multiple of 15?
True
Let t(o) = 6*o**3 - 3*o**2 - o + 3. Let g be t(-3). Let m = -27 - g. Suppose 0 = 3*l - q - 156, 0 = -3*l - 0*l - q + m. Is 11 a factor of l?
False
Let u be 3/((-18)/(-4))*(-15)/10. Let n(w) = -113*w**3 + w**2 + 2*w. Is 20 a factor of n(u)?
False
Let n be -1 - ((-14)/21)/((-2)/(-33)). Suppose -n*r + 14*r = 420. Does 37 divide r?
False
Let l = -31 + -55. Let z = -38 - l. Is 3 a factor of 5*(z/15 - 2)?
True
Let f(t) = t + 2. Let g be (-12)/(8/3 - 2). Let s = -13 - g. Is f(s) a multiple of 2?
False
Let t(y) = -6*y + 9. Suppose x + 3 + 6 = -c, -x = 5*c + 29. Is t(x) a multiple of 7?
False
Suppose -2*d - 4*u + 312 = 0, -2*d + 5*d + 5*u = 467. Suppose 0*o = -o - 4*b + d, 0 = -3*o + b + 462. Is o a multiple of 22?
True
Let a = 52 + 58. Let t = 138 - a. Is t a multiple of 7?
True
Let o(d) = 2*d - 8. Let m be o(5). Suppose -2*f = -4*f - i - 11, m*f = 4*i + 14. Is 9 a factor of f/(-7) - (-414)/14?
False
Suppose 3*m = -2*j + 7*m + 28, 3*j = -5*m - 13. Suppose 3*p - 420 = -j*p. Does 20 divide p?
True
Suppose -71 = 2*f + 2*o + o, -4*o = 3*f + 104. Let a = -13 - f. Let s = 50 + a. Is 13 a factor of s?
True
Let a(g) = g**2 - 8*g - 48. Let l be a(12). Suppose l = -13*m + 9*m + 660. Does 33 divide m?
True
Is 6 a factor of (-810)/(-8) + (-12)/(-16)?
True
Suppose 0 = 16*y + 3*y - 114. Suppose -p = 5*n + 2*p - 85, -n + 4 = -2*p. Let t = n + y. Is 20 a factor of t?
True
Suppose 3*o - 99 = -c + 4*o, c - 3*o = 103. Suppose 2*w - 377 - c = 0. Suppose 5 = q, -q = -4*i - 6*q + w. Is i a multiple of 23?
False
Let v be (-78)/(-26) + (-225)/1. Let a = -46 - v. Suppose 49 = 4*n - 2*s - 151, -3*n - 5*s = -a. Is 12 a factor of n?
False
Let o = -258 + 125. Let y(a) = -30*a. Let n be y(-7). Let x = n + o. Does 11 divide x?
True
Let m(f) = 4*f - 4. Let z(v) = 7*v - 7. Let c(u) = 5*m(u) - 3*z(u). Let g(i) = -8*i - 8. Let h(s) = 3*c(s) - g(s). Is h(6) a multiple of 13?
False
Let k be (-2)/(-5)*50/(-2). Does 4 divide (-6)/4 - 95/k?
True
Let i be (-1)/((4/(-1))/4). Let d be 0 + 1 + -7 + i. Let r = 1 - d. Is 3 a factor of r?
True
Let o be 4/30 + 4265/75. Suppose u = -3*i - 0*u + 121, o = i - 3*u. Is 14 a factor of i?
True
Suppose 2*f = 5*b - 2403, f + b + 1203 = 4*b. Does 22 divide f/(-27) + 4/(-18)?
True
Let n(c) = c**2 - 2*c + 3. Let k be n(2). Let y be 0/(-3 + 0 + 1). Suppose -5*l - 2*x + 85 = y, -2*x - k - 2 = -l. Does 5 divide l?
True
Suppose -n + 2*o + 86 = 0, 2*o - 354 = n - 5*n. Is 11 a factor of n?
True
Suppose 13*o = 15*o + 2*z - 1288, -2*o + 1290 = z. Does 15 divide o?
False
Let j be 6 + ((-10)/(-5))/((-2)/1). Let q = 19 + 5. Suppose q = 6*d - j*d. Is d a multiple of 12?
True
Let x be (-11)/(2 + (-11)/5). Suppose 4*s + 0*b - 3*b = -109, 0 = -5*s - 5*b - 110. Let f = s + x. Is 30 a factor of f?
True
Let w(y) = -356*y - 500. Is 37 a factor of w(-8)?
False
Suppose 0 = -4*n + 14 + 6, 3*z - 58 = -2*n. Let o(s) = 9*s**2 - 1. Let k be o(1). Let g = z - k. Does 3 divide g?
False
Let c(f) = 12*f**2 + f + 12*f**2 + 0*f + 2. Let o be c(-1). Is 10 a factor of o + (-3 - (-2 + -1))?
False
Suppose -19*i + 18*i = -704. Is i a multiple of 8?
True
Let c(o) = o**3 - 14*o**2 + 29*o - 14. Let x = -65 + 77. Is 23 a factor of c(x)?
True
Let n(h) = -h**3 + 4*h**2 - 2*h + 2. Let v be 4*-1 - (-6 + -2). Let w be n(v). Let b(m) = m**2 + 5*m + 8. Is 14 a factor of b(w)?
True
Let g be ((-197)/(-2) + 4)*2. Suppose 0 = 2*b + 69 - g. Let f = b + 22. Is 30 a factor of f?
True
Suppose 2 = 4*s - 42. Suppose -f = -5*f + 76. Let l = f - s. Is 4 a factor of l?
True
Suppose -81 = -5*u + 2*u. Is 25 a factor of u?
False
Let d(r) = -r**3 - 9*r**2 - 8*r + 3. Let g be d(-8). Suppose g*l - 148 = -l. Is l a multiple of 11?
False
Suppose -2*x - 6 = -12. Suppose 14*z - x*a = 15*z - 27, -4*z + 4*a = -108. Is 14 a factor of z?
False
Let i(z) = 0*z - 2*z + 3*z. Let t(u) = 2*u - 1. Let j(y) = 6*i(y) - t(y). Is 8 a factor of j(3)?
False
Suppose -84*m = -20*m - 48448. Is 94 a factor of m?
False
Does 31 divide (-533 + 2)/(-1) - (-64)/(-16)?
True
Does 61 divide (-71675)/(-94)*12/10?
True
Let z = 149 - -164. Is 37 a factor of z?
False
Let i(k) = -k**2 + 38*k + 4. Is 30 a factor of i(16)?
False
Suppose 2 = m - 0. Let l(k) = m*k - 3*k - 4*k - 5 - 13. Does 7 divide l(-6)?
False
Let w(z) = 2*z**3 - 5*z**2 + 5*z - 9. Suppose 10*f - 4 = 9*f. Let y be w(f). Suppose -5*p = -3*g + 106, g - 3*g = -p - y. Is 9 a factor of g?
True
Suppose -j = -p + 3*p - 18, -j + 14 = -2*p. Let z be j/3 - 9/27. Suppose -f + 3 = 0, z*b + 2*f = 11 + 135. Does 14 divide b?
True
Let r be (1 + (0 - 0))*0. Suppose r = 5*u - 9*u - 20. Let w(g) = -g**2 - 6*g + 1. Is w(u) a multiple of 4?
False
Suppose 0 = -4*h + 4, -5*b = -4*b - 2*h - 593. Does 22 divide b?
False
Let t(a) = -a**3 - a**2 - 6*a + 24. Is 52 a factor of t(-11)?
True
Let l(g) = 3*g**2 + 5*g + 7. Let o be l(-2). Suppose -3*a + o*a = 432. Does 8 divide a?
True
Suppose -2544 = -4*y + f + 1126, -3*y + 2*f + 2750 = 0. Does 34 divide y?
True
Suppose -4*t - r = -2*t + 10, -34 = 4*t - 5*r. Is 11 a factor of t/(-15) + 1532/20?
True
Let r(v) = v**3 + 4*v**2 - 7*v - 8. Let m be r(-5). Let h(y) = -7*y + 0 + m - 3 + 5. Is 23 a factor of h(-6)?
True
Suppose -3*q - 2*x = -15, 10 + 8 = q + 5*x. Suppose 7 = q*i - 3*f - 11, -3*i - 2*f + 23 = 0. Suppose -84 = 5*r - i*r. Is 16 a factor of r?
False
Let j(n) = -2*n - 22. Let i be j(-12). Suppose -2*g + 204 = -0*k + 4*k, -10 = -i*k. Is g a multiple of 23?
True
Suppose 8*u + 0*u - 312 = 0. Does 13 divide u?
True
Suppose 0 = -a + 1 - 2. Let i be (0 + a + 0)*-2. Suppose -i*r + 5*n + 33 = 0, 0 = -5*r - 5*n + 13 + 52. Is 14 a factor of r?
True
Suppose -26*x - 16*x = -68376. Does 11 divide x?
True
Let r = 3496 - 1809. Does 14 divide r?
False
Let d(m) = 7*m**2 + 10*m + 11. Let n be d(-6). Let y = 291 - n. Is 16 a factor of y?
False
Suppose -15 = 3*t - 3. Let r be 0/t*1/(-3). Suppose -5*y - 4*i + 88 + 98 = r, -5*i = 5*y - 185. Does 19 divide y?
True
Let y(w) = 828*w - 32. Is 10 a factor of y(4)?
True
Suppose -660*q + 665*q = 950. Does 10 divide q?
True
Suppose -4*y - 4*b - 20 = 0, 2*b = 1 - 3. Does 13 divide ((-6)/y)/(1 - (-118)/(-120))?
False
Suppose i + 3*t = -1, 4*i + 0 = -5*t - 4. Let l(g) = -95*g + 3. Is l(i) a multiple of 11?
False
Suppose 2 = -4*l + k, -l + 5*k - 10 = 4*l. Let i be 26/10 + 2/5. Suppose -3*g + 162 = i*b + 2*g, l = b - 5*g - 74. Is 20 a factor of b?
False
Does 2 divide ((-1)/(-2))/((-89)/(-4806))?
False
Let a = -570 - -1033. Is a a multiple of 50?
False
Let y be (0 - 10/(-35))*49. Is (-1450)/(-14) + 6/y a multiple of 13?
True
Let g = -20 - -41. Let k = 23 - g. Suppose -k*v + 41 = 7. Is 9 a factor of v?
False
Let w(f) = -f**3 - 6*f**2 - 4*f + 6. Let g be w(-5). Suppose k - g = 2. Suppose n - 7 = k. Does 10 divide n?
True
Let t = -24 + 26. Suppose 5*a = 5*m + 150, 42 + 22 = 2*a + t*m. Does 5 divide a?
False
Does 89 divide (-22136)/(-22) + -7*(-22)/(-847)?
False
Suppose 27*q = 4*q + 4416. Does 5 divide q?
False
Let n(z) = 2*z